 of 19 and o?
19
Let n be (-33)/(-2)*8/3. Let o(u) = -24*u - 164. Let g be o(-7). Calculate the greatest common factor of n and g.
4
Let y be 15 + 0 + (5 - 1). Suppose 4*a + a = 190. Suppose -3*p + 5*p = a. What is the highest common divisor of p and y?
19
Suppose 3*s + 2*s = v - 101, 0 = 4*s - 16. Calculate the greatest common factor of v and 22.
11
Let r(j) = j**3 + 16*j**2 - 17*j. Let f be r(-15). What is the greatest common factor of 192 and f?
96
Let q be (-72)/(-60)*5/2. Calculate the greatest common factor of q and 69.
3
Let f be 2*2/(-10)*-5 - -437. Let a = 635 - 326. Suppose -f - a = -4*q. What is the greatest common factor of q and 17?
17
Suppose 2*n + n + 17 = z, 0 = 5*z + 2*n. Let q(g) = -2 + z - 3*g - 7*g**2 - g**3. Let v be q(-7). Calculate the greatest common divisor of v and 14.
7
Let u(w) = 5*w**2 + 16. Let p be u(-5). Let z = p + -133. Let o be 73/3 - (-1)/(-3). What is the highest common divisor of o and z?
8
Suppose 2*k + 12 = 5*k. Suppose 3*g = -g + 2*i + 68, -2*g - k*i + 44 = 0. What is the highest common factor of g and 27?
9
Let m(q) be the first derivative of 10*q**3/3 - q - 6. Let r be m(-1). Let v = r + -6. Calculate the greatest common factor of 9 and v.
3
Let v(q) = -q**2 + 5*q + 45. Let r be v(8). Suppose -4*s - 5*o - 156 + 1100 = 0, 0 = 2*s + 4*o - 478. What is the highest common factor of r and s?
21
Let w = -76 - -139. Let z be (-1)/(3/(-36)) + -3. Calculate the highest common factor of z and w.
9
Suppose 77*d + 5*r - 249 = 75*d, -4*d + 4*r = -540. What is the highest common factor of 48 and d?
12
Let q be (-2 - 0/(-1)) + 158. Suppose s + 15*u - 17*u - 14 = 0, s - 8 = 3*u. Calculate the greatest common divisor of s and q.
26
Let v(p) be the first derivative of 17*p**2/2 - 2*p + 24. Suppose -4*u + 30 = u. Let c be v(u). What is the highest common factor of c and 20?
20
Suppose -h + 15 = v, 6*h - 5*v = 2*h + 87. Let y be (-4 - (2 + 1 - 4)) + h. What is the highest common factor of y and 165?
15
Suppose -6 - 27 = -3*j. What is the highest common divisor of j and 319?
11
Suppose q + 4*k - 35 = 0, 4*k = -5*q + 64 + 111. Calculate the greatest common factor of 700 and q.
35
Let s(o) = 149*o + 80. Let g be s(5). Calculate the greatest common divisor of 165 and g.
165
Let o be (-116)/29 + -1*-16*58. Calculate the greatest common divisor of 12 and o.
12
Let s = 4 - 1. Let m = 250 + s. Let r(o) = 8*o - 193. Let h be r(27). Calculate the greatest common divisor of h and m.
23
Let g be 2*-2*12/(-2). Let s = -41 + 53. Suppose s - 48 = -3*f. Calculate the greatest common divisor of f and g.
12
Let a be 40 - ((1 - 0) + 2). Let m = 1285 + -989. What is the highest common divisor of m and a?
37
Let o = -288 - -281. Let x(j) = j**2 - 11*j + 4. Let g(q) = q**2. Let p(d) = -2*g(d) + x(d). Let i be p(o). Calculate the greatest common factor of i and 8.
8
Suppose 65 = 4*s + 17. Let o be ((-15)/2)/(9/(-12)). Let x(p) = -p**2 + 16*p - 12. Let r be x(o). Calculate the highest common divisor of s and r.
12
Suppose 6*d = 2*d + 12. Let w be ((-2)/d + 0)*-81. Let p = -55 + 61. Calculate the highest common factor of w and p.
6
Let o(j) = j**3 + 8*j**2 - 3*j. Let s be o(-7). What is the greatest common factor of s and 35?
35
Let t = 2463 - 2122. Suppose 0 = -5*l + 115 + 40. What is the highest common factor of t and l?
31
Let n be 1*2*6/9*9. Suppose 2*c + q - 8 = -0*c, 0 = 2*q. Calculate the greatest common factor of c and n.
4
Let v = -13 - -74. Suppose -21 = 5*s - v. Calculate the highest common factor of 56 and s.
8
Let l(b) = -9*b - 13*b + 9*b - b**2. Let o be l(-12). What is the greatest common divisor of o and 36?
12
Let z = -2428 + 2453. Calculate the greatest common factor of 475 and z.
25
Let s(d) = -7*d - 48. Let c be s(-9). Let o(q) = q**2 - 6. Let v be o(6). What is the highest common factor of v and c?
15
Let r(z) be the third derivative of z**4/8 - 5*z**3/2 + 13*z**2. Let y be r(7). Calculate the highest common divisor of y and 30.
6
Suppose -2*d - 3*d + 120 = 0. Let g = 28 + 111. Let b = -67 + g. Calculate the highest common factor of b and d.
24
Let i(t) = 13*t - 9. Let q(r) = 13*r - 9. Let k(n) = -3*i(n) + 2*q(n). Let h be k(-12). What is the highest common divisor of 15 and h?
15
Suppose 6 + 116 = -l. Let m = 222 + l. Calculate the highest common factor of 40 and m.
20
Let j(q) = -q**3 - 7*q**2 + q + 13. Let l be j(-6). Let u be 3 + -4 + (2 - l*1). What is the greatest common factor of u and 30?
30
Suppose -2*o + 65 = 3*i - 434, -4*o = -i - 963. What is the greatest common factor of 44 and o?
22
Suppose 16*r - 15 = 15*r. Suppose -17*y = -r*y - 144. Calculate the highest common divisor of y and 24.
24
Let f = -2052 + 2088. What is the greatest common factor of 204 and f?
12
Let c = 186 - -166. What is the greatest common divisor of c and 22?
22
Suppose 0 = 41*y - 35*y - 30. What is the greatest common divisor of y and 150?
5
Let b(o) = -16*o - 22. Let z be b(-10). Calculate the highest common divisor of z and 24.
6
Suppose 2*y - 4*c - 4 = 14, 2*y + 3*c = -10. Let a be 7/(7/(-8))*-2. What is the greatest common factor of a and y?
1
Let s(t) = -t + 3. Suppose -7 = -u - 4*y, -2*u + 3*y - 22 = -y. Let m be s(u). Suppose -2*g + m = -g. What is the highest common factor of 56 and g?
8
Let c = 49 + 57. Let h(n) = n - 19. Let q be h(22). Suppose -2*i - i = -o - c, 2*i - q*o - 66 = 0. Calculate the greatest common factor of 4 and i.
4
Let z(j) = j**3 + 2*j**2 + 5*j + 4. Let f be z(-2). Let t be 3 - -78 - 0/f. Calculate the highest common factor of t and 9.
9
Let s(j) = 4*j**2 - 32*j - 25. Let h be s(9). What is the greatest common divisor of h and 231?
11
Let f(x) = 371*x - 116. Let s be f(5). What is the greatest common factor of 37 and s?
37
Let w(k) = 13*k + 191. Let d be w(-5). Let m(t) = t + 8. Let o be m(10). What is the highest common divisor of d and o?
18
Let q be 35/4 + (-9)/12. Suppose 3*n - q*n = 25. Let j be ((-24)/n)/((-30)/(-75)). What is the greatest common factor of j and 84?
12
Suppose 8*o - 7*o - 11 = 4*a, 3*a = -4*o + 6. Calculate the highest common factor of 129 and o.
3
Let i(d) = 4*d - 10. Let v be i(9). Let w = v + -14. Let g(x) = 31*x + 8. Let t be g(4). What is the greatest common divisor of t and w?
12
Let z be ((-2)/(-4))/(8/(-1264)). Let s = z - -88. Calculate the greatest common divisor of s and 3.
3
Let x(a) = -a**3 + 6*a**2 - 4*a + 5. Let j = 7 - 10. Let v = 2 - j. Let p be x(v). Calculate the greatest common factor of 50 and p.
10
Let a be (1*-2)/(1 + -3). Let n = -52 + 57. Suppose p - a = n. Calculate the highest common factor of p and 24.
6
Suppose -63*b + 5694 = 1788. What is the highest common factor of b and 2?
2
Let p = 249 + 111. What is the greatest common divisor of 16 and p?
8
Let t(h) = h**2 + 32*h - 97. Let f be t(-35). Calculate the highest common divisor of 128 and f.
8
Let p(h) = -4*h - 3. Let v = 10 - 2. Suppose 3*r + 1 + v = 0. Let n be p(r). Calculate the greatest common factor of 99 and n.
9
Let o(c) = c**3 - 2*c**2 + 1. Let n be o(1). Suppose -6*f + 10*f - 16 = n. Suppose -8*h = -f*h - 16. What is the greatest common divisor of 4 and h?
4
Let l(z) = -z**3 + 18*z**2 + 14*z + 64. Let x be l(12). What is the highest common divisor of x and 8?
8
Let o(w) be the first derivative of w**4 + 2*w**2 - 13. Let j be o(2). Calculate the highest common factor of 8 and j.
8
Let w = 189 + -149. Let g = -3 + 4. Let s be -4*(-27 - (-3 + g)). What is the highest common divisor of w and s?
20
Let b(y) = y**2 - y + 1. Let z(t) = -2*t**3 + 2*t**2 - 4*t + 5. Let o(f) = -b(f) + z(f). Let g be o(-4). What is the highest common divisor of 16 and g?
16
Let u be 240/14 - 52/364. Let n = -19 - -206. Calculate the highest common divisor of n and u.
17
Suppose 3*s - 6442 = 2*i, -2*s + 4301 = 2*i + 3*i. Calculate the greatest common factor of 12 and s.
12
Let w be (-9)/3 - 1 - -77. Let r = 49 - w. Let u = r + 56. Calculate the highest common divisor of u and 80.
16
Let o = -16 + 18. Suppose -f = -r - 2, 4*f = o*r + 13 - 5. Suppose 5*k - 2*g + r*g = 30, 17 = -k + 5*g. What is the highest common divisor of 4 and k?
4
Let j = 734 - 674. What is the highest common factor of 1060 and j?
20
Let x = 7 - -7. Suppose -4*u - 3*t + 349 = 0, 5*u - 45 = -4*t + 390. Let z = u - 49. Calculate the highest common factor of 